r of 69101?
False
Does 13 divide 650?
True
Does 14 divide 33796?
True
Is 4 a factor of 172?
True
Is 126 a multiple of 21?
True
Is 151 a factor of 15251?
True
Does 13 divide 119182?
False
Does 19 divide 160?
False
Is 2567 a multiple of 151?
True
Does 5 divide 3361?
False
Is 17 a factor of 595?
True
Is 17465 a multiple of 35?
True
Is 10196 a multiple of 22?
False
Does 30 divide 1563?
False
Does 14 divide 17290?
True
Is 37813 a multiple of 77?
False
Does 96 divide 5568?
True
Does 30 divide 804?
False
Is 193 a factor of 1544?
True
Is 296 a multiple of 15?
False
Is 3382 a multiple of 25?
False
Is 18 a factor of 1555?
False
Does 12 divide 1567?
False
Is 1205 a multiple of 9?
False
Does 19 divide 1406?
True
Is 17424 a multiple of 16?
True
Does 24 divide 46?
False
Is 32373 a multiple of 11?
True
Does 4 divide 4980?
True
Does 34 divide 204?
True
Is 2605 a multiple of 12?
False
Is 16 a factor of 6208?
True
Is 447 a multiple of 3?
True
Is 19432 a multiple of 13?
False
Is 28 a factor of 44584?
False
Is 84 a factor of 84504?
True
Does 86 divide 18834?
True
Is 2 a factor of 58?
True
Is 94 a factor of 93839?
False
Is 7868 a multiple of 75?
False
Is 32594 a multiple of 201?
False
Is 26 a factor of 2106?
True
Does 21 divide 23016?
True
Is 1408 a multiple of 22?
True
Is 11 a factor of 9460?
True
Is 1064 a multiple of 19?
True
Does 17 divide 1118?
False
Is 449 a multiple of 5?
False
Is 16 a factor of 883?
False
Is 25 a factor of 4520?
False
Is 34 a factor of 31960?
True
Does 26 divide 520?
True
Does 32 divide 66976?
True
Is 11 a factor of 1430?
True
Is 63 a factor of 2921?
False
Does 3 divide 66?
True
Is 5 a factor of 99?
False
Is 3397 a multiple of 79?
True
Is 23 a factor of 9338?
True
Is 80460 a multiple of 54?
True
Is 625 a multiple of 3?
False
Is 17043 a multiple of 19?
True
Is 6626 a multiple of 2?
True
Does 108 divide 7800?
False
Does 12 divide 398?
False
Is 27786 a multiple of 125?
False
Is 34 a factor of 529?
False
Is 25 a factor of 1650?
True
Is 197 a factor of 119382?
True
Is 696 a multiple of 17?
False
Does 17 divide 689?
False
Does 30 divide 1020?
True
Does 7 divide 173?
False
Is 2540 a multiple of 10?
True
Is 360 a multiple of 15?
True
Does 12 divide 596?
False
Is 1280 a multiple of 8?
True
Is 38 a factor of 1444?
True
Is 11 a factor of 88?
True
Is 22 a factor of 176?
True
Is 136892 a multiple of 414?
False
Is 4992 a multiple of 48?
True
Does 7 divide 20609?
False
Is 39 a factor of 8093?
False
Does 53 divide 20299?
True
Is 5 a factor of 18660?
True
Is 395 a multiple of 82?
False
Is 52115 a multiple of 17?
False
Is 9 a factor of 343?
False
Does 16 divide 152?
False
Does 82 divide 11234?
True
Is 83580 a multiple of 60?
True
Does 118 divide 3304?
True
Is 1593 a multiple of 73?
False
Is 12555 a multiple of 27?
True
Is 1842 a multiple of 48?
False
Is 8566 a multiple of 39?
False
Is 33330 a multiple of 7?
False
Is 82 a factor of 4643?
False
Is 9831 a multiple of 53?
False
Does 24 divide 408?
True
Is 13 a factor of 191?
False
Is 292 even?
True
Is 16832 a multiple of 8?
True
Is 51155 a multiple of 224?
False
Is 69 a factor of 39675?
True
Is 5808 a multiple of 33?
True
Is 3 a factor of 15418?
False
Does 86 divide 10406?
True
Is 40 a multiple of 5?
True
Does 37 divide 8823?
False
Does 27 divide 3330?
False
Is 9 a factor of 1270?
False
Is 43395 a multiple of 165?
True
Does 6 divide 71336?
False
Is 46 a factor of 482?
False
Is 3854 a multiple of 41?
True
Is 29 a multiple of 29?
True
Is 8368 a multiple of 132?
False
Is 8 a factor of 15144?
True
Is 65 a factor of 8721?
False
Does 33 divide 5644?
False
Is 13 a factor of 18017?
False
Is 25 a factor of 753?
False
Is 4378 a multiple of 34?
False
Is 71 a factor of 1136?
True
Is 9 a factor of 214?
False
Is 31742 a multiple of 59?
True
Is 11 a factor of 1455?
False
Is 24 a factor of 23042?
False
Is 3 a factor of 29?
False
Is 691 a multiple of 37?
False
Is 46 a factor of 1196?
True
Is 108 a factor of 8532?
True
Is 13 a factor of 3692?
True
Does 42 divide 2645?
False
Does 17 divide 187?
True
Does 6 divide 7797?
False
Is 3984 a multiple of 48?
True
Is 5146 a multiple of 31?
True
Does 2 divide 204?
True
Is 15 a factor of 390?
True
Is 63 a factor of 1638?
True
Is 346 a multiple of 47?
False
Is 19524 a multiple of 73?
False
Does 210 divide 4200?
True
Does 62 divide 25377?
False
Is 2470 a multiple of 190?
True
Is 27 a factor of 535?
False
Does 21 divide 1363?
False
Does 14 divide 560?
True
Is 62 a factor of 310?
True
Is 61 a factor of 1508?
False
Does 2 divide 216?
True
Does 73 divide 6005?
False
Is 7849 a multiple of 47?
True
Is 28 a factor of 6468?
True
Is 840 a multiple of 24?
True
Does 19 divide 907?
False
Is 32 a factor of 27584?
True
Is 30424 a multiple of 182?
False
Is 659 a multiple of 2?
False
Is 292 a factor of 1168?
True
Is 76 a factor of 456?
True
Is 2650 a multiple of 106?
True
Does 5 divide 210?
True
Is 17 a factor of 548?
False
Does 11 divide 1500?
False
Is 14 a factor of 5418?
True
Is 120 a multiple of 15?
True
Is 84 a multiple of 28?
True
Is 476 even?
True
Is 35 a multiple of 7?
True
Is 32 a factor of 46?
False
Is 11255 a multiple of 55?
False
Is 4 a factor of 348?
True
Is 380 a multiple of 31?
False
Is 60 a factor of 360?
True
Is 22 a factor of 21692?
True
Is 32 a factor of 2025?
False
Is 1777 a multiple of 12?
False
Is 1295 a multiple of 25?
False
Is 3 a factor of 3052?
False
Is 1469 a multiple of 13?
True
Is 1708 a multiple of 14?
True
Is 9641 a multiple of 16?
False
Does 338 divide 130468?
True
Does 20 divide 32014?
False
Is 21 a factor of 6426?
True
Is 30 a factor of 1337?
False
Is 124444 a multiple of 24?
False
Is 22590 a multiple of 9?
True
Is 7 a factor of 1617?
True
Is 58 a factor of 1303?
False
Does 14 divide 11437?
False
Does 7 divide 41?
False
Is 127 a multiple of 11?
False
Is 4442 a multiple of 16?
False
Does 13 divide 1663?
False
Is 11 a factor of 27?
False
Does 19 divide 3778?
False
Is 150 a factor of 15450?
True
Is 9960 a multiple of 24?
True
Is 96 a factor of 73344?
True
Is 61 a factor of 11773?
True
Does 3 divide 175?
False
Is 15 a factor of 900?
True
Is 2599 a multiple of 21?
False
Does 42 divide 924?
True
Does 119 divide 119?
True
Does 39 divide 2730?
True
Does 10 divide 44860?
True
Does 176 divide 10208?
True
Is 11 a factor of 45177?
True
Is 11784 a multiple of 83?
False
Does 55 divide 110?
True
Is 81 a factor of 1298?
False
Is 21825 a multiple of 75?
True
Is 33 a factor of 2751?
False
Is 882 a multiple of 10?
False
Does 31 divide 357?
False
Is 35 a factor of 560?
True
Does 10 divide 10970?
True
Does 6 divide 48?
True
Is 40961 a multiple of 8?
False
Does 44 divide 6732?
True
Does 29 divide 3052?
False
Does 17 divide 320?
False
Is 63 a factor of 7439?
False
Is 363 a multiple of 3?
True
Is 8 a factor of 2704?
True
Is 36 a factor of 556?
False
Is 1143 a multiple of 9?
True
Is 58 a factor of 1466?
False
Is 3140 a multiple of 28?
False
Does 86 divide 8342?
True
Does 21 divide 840?
True
Is 11 a factor of 200179?
False
Is 101 a factor of 6666?
True
Is 925 a multiple of 37?
True
Is 10665 a multiple of 45?
True
Does 86 divide 430?
True
Is 7598 a multiple of 131?
True
Is 22797 a multiple of 13?
False
Is 207 a factor of 65682?
False
Does 9 divide 261?
True
Is 3 a factor of 375?
True
Does 49 divide 134?
False
Is 36 a factor of 1512?
True
Is 33 a factor of 528?
True
Is 2937 a multiple of 11?
True
Is 32 a factor of 2848?
True
Does 47 divide 1560?
False
Is 1190 a multiple of 7?
True
Is 2408 a multiple of 11?
False
Does 39 divide 556?
False
Does 41 divide 2788?
True
Is 38149 a multiple of 56?
False
Is 7 a factor of 12151?
False
Does 18 divide 7758?
True
Is 60838 a multiple of 18?
False
Is 33 a factor of 30261?
True
Is 275 a multiple of 25?
True
Does 5 divide 857?
False
Is 1803 a multiple of 66?
False
Is 40 a factor of 1246?
False
Is 204 a factor of 32844?
True
Does 197 divide 23706?
False
Is 9359 a multiple of 208?
False
Does 101 divide 17450?
False
Is 1240 a multiple of 31?
True
Is 3959 a multiple of 81?
False
Is 1609 a multiple of 84?
False
Does 32 divide 461?
False
Is 316 a multiple of 4?
True
Is 595 a multiple of 85?
True
Is 46 a factor of 736?
True
Is 4171 a multiple of 43?
True
Is 221 a factor of 45084?
True
Is 87 a factor of 4785?
True
Is 2654 a multiple of 11?
False
Does 4 divide 6841?
False
